{"id":82,"date":"2025-06-08T13:49:23","date_gmt":"2025-06-08T13:49:23","guid":{"rendered":"https:\/\/pyzgevbby8lm4ov3ic3e3rktwimfle87epw.web000.io.vn\/?page_id=82"},"modified":"2025-06-08T14:00:52","modified_gmt":"2025-06-08T14:00:52","slug":"khach-hang","status":"publish","type":"page","link":"https:\/\/pyzgevbby8lm4ov3ic3e3rktwimfle87epw.web000.io.vn\/index.php\/khach-hang\/","title":{"rendered":"Kh\u00e1ch h\u00e0ng"},"content":{"rendered":"\t\t<div data-elementor-type=\"wp-page\" data-elementor-id=\"82\" class=\"elementor elementor-82\">\n\t\t\t\t<div class=\"elementor-element elementor-element-x0PqDmz e-flex e-con-boxed e-con e-parent\" data-id=\"x0PqDmz\" data-element_type=\"container\">\n\t\t\t\t\t<div class=\"e-con-inner\">\n\t\t<div class=\"elementor-element elementor-element-xGvRu0f e-flex e-con-boxed e-con e-child\" data-id=\"xGvRu0f\" data-element_type=\"container\">\n\t\t\t\t\t<div class=\"e-con-inner\">\n\t\t\t\t<div class=\"elementor-element elementor-element-ZnwJzPi elementor-widget elementor-widget-heading\" data-id=\"ZnwJzPi\" data-element_type=\"widget\" data-widget_type=\"heading.default\">\n\t\t\t\t<div class=\"elementor-widget-container\">\n\t\t\t\t\t<h2 class=\"elementor-heading-title elementor-size-default\">Kh\u00e1ch h\u00e0ng c\u1ee7a t\u00f4i<\/h2>\t\t\t\t<\/div>\n\t\t\t\t<\/div>\n\t\t\t\t<div class=\"elementor-element elementor-element-YrJioIt elementor-widget elementor-widget-heading\" data-id=\"YrJioIt\" data-element_type=\"widget\" data-widget_type=\"heading.default\">\n\t\t\t\t<div class=\"elementor-widget-container\">\n\t\t\t\t\t<h5 class=\"elementor-heading-title elementor-size-default\">Kh\u00e1ch h\u00e0ng n\u00f3i g\u00ec v\u1ec1 t\u00f4i<\/h5>\t\t\t\t<\/div>\n\t\t\t\t<\/div>\n\t\t\t\t\t<\/div>\n\t\t\t\t<\/div>\n\t\t<div class=\"elementor-element elementor-element-yPdZaYe e-flex e-con-boxed e-con e-child\" data-id=\"yPdZaYe\" data-element_type=\"container\">\n\t\t\t\t\t<div class=\"e-con-inner\">\n\t\t<div class=\"elementor-element elementor-element-vHTXLva e-flex e-con-boxed e-con e-child\" data-id=\"vHTXLva\" data-element_type=\"container\">\n\t\t\t\t\t<div class=\"e-con-inner\">\n\t\t\t\t<div class=\"elementor-element elementor-element-CirJ9qQ elementor-widget elementor-widget-image\" data-id=\"CirJ9qQ\" data-element_type=\"widget\" data-widget_type=\"image.default\">\n\t\t\t\t<div class=\"elementor-widget-container\">\n\t\t\t\t\t\t\t\t\t\t\t\t\t\t\t<img decoding=\"async\" src=\"https:\/\/gene.elementor.red\/wp-content\/uploads\/2024\/08\/logoipsum-265.png\" title=\"\" alt=\"\" loading=\"lazy\" \/>\t\t\t\t\t\t\t\t\t\t\t\t\t\t\t<\/div>\n\t\t\t\t<\/div>\n\t\t\t\t\t<\/div>\n\t\t\t\t<\/div>\n\t\t<div class=\"elementor-element elementor-element-JfwSHM0 e-flex e-con-boxed e-con e-child\" data-id=\"JfwSHM0\" data-element_type=\"container\">\n\t\t\t\t\t<div class=\"e-con-inner\">\n\t\t\t\t<div class=\"elementor-element elementor-element-jivIUec elementor-widget elementor-widget-image\" data-id=\"jivIUec\" data-element_type=\"widget\" data-widget_type=\"image.default\">\n\t\t\t\t<div class=\"elementor-widget-container\">\n\t\t\t\t\t\t\t\t\t\t\t\t\t\t\t<img decoding=\"async\" src=\"https:\/\/gene.elementor.red\/wp-content\/uploads\/2024\/08\/logoipsum-264.png\" title=\"\" alt=\"\" loading=\"lazy\" \/>\t\t\t\t\t\t\t\t\t\t\t\t\t\t\t<\/div>\n\t\t\t\t<\/div>\n\t\t\t\t\t<\/div>\n\t\t\t\t<\/div>\n\t\t<div class=\"elementor-element elementor-element-uTDgp0m e-flex e-con-boxed e-con e-child\" data-id=\"uTDgp0m\" data-element_type=\"container\">\n\t\t\t\t\t<div class=\"e-con-inner\">\n\t\t\t\t<div class=\"elementor-element elementor-element-UC2JxNh elementor-widget elementor-widget-image\" data-id=\"UC2JxNh\" data-element_type=\"widget\" data-widget_type=\"image.default\">\n\t\t\t\t<div class=\"elementor-widget-container\">\n\t\t\t\t\t\t\t\t\t\t\t\t\t\t\t<img decoding=\"async\" src=\"https:\/\/gene.elementor.red\/wp-content\/uploads\/2024\/08\/logoipsum-262.png\" title=\"\" alt=\"\" loading=\"lazy\" \/>\t\t\t\t\t\t\t\t\t\t\t\t\t\t\t<\/div>\n\t\t\t\t<\/div>\n\t\t\t\t\t<\/div>\n\t\t\t\t<\/div>\n\t\t\t\t\t<\/div>\n\t\t\t\t<\/div>\n\t\t\t\t\t<\/div>\n\t\t\t\t<\/div>\n\t\t<div class=\"elementor-element elementor-element-svrjsVq e-con-full e-flex e-con e-parent\" data-id=\"svrjsVq\" data-element_type=\"container\">\n\t\t<div class=\"elementor-element elementor-element-eX2ZVfl e-con-full e-flex e-con e-child\" data-id=\"eX2ZVfl\" data-element_type=\"container\">\n\t\t\t\t<\/div>\n\t\t<div class=\"elementor-element elementor-element-kcHqoCk e-con-full e-flex e-con e-child\" data-id=\"kcHqoCk\" data-element_type=\"container\">\n\t\t\t\t<div class=\"elementor-element elementor-element-ZPsdR7P elementor-widget elementor-widget-heading\" data-id=\"ZPsdR7P\" data-element_type=\"widget\" data-widget_type=\"heading.default\">\n\t\t\t\t<div class=\"elementor-widget-container\">\n\t\t\t\t\t<h6 class=\"elementor-heading-title elementor-size-default\">Explore Our Services<\/h6>\t\t\t\t<\/div>\n\t\t\t\t<\/div>\n\t\t\t\t<div class=\"elementor-element elementor-element-fxVjeZ0 elementor-widget elementor-widget-heading\" data-id=\"fxVjeZ0\" data-element_type=\"widget\" data-widget_type=\"heading.default\">\n\t\t\t\t<div class=\"elementor-widget-container\">\n\t\t\t\t\t<h2 class=\"elementor-heading-title elementor-size-default\">Find Out More About What We Offer<\/h2>\t\t\t\t<\/div>\n\t\t\t\t<\/div>\n\t\t\t\t<div class=\"elementor-element elementor-element-RGWlAOW elementor-widget-divider--view-line elementor-widget elementor-widget-divider\" data-id=\"RGWlAOW\" data-element_type=\"widget\" data-widget_type=\"divider.default\">\n\t\t\t\t<div class=\"elementor-widget-container\">\n\t\t\t\t\t\t\t<div class=\"elementor-divider\">\n\t\t\t<span class=\"elementor-divider-separator\">\n\t\t\t\t\t\t<\/span>\n\t\t<\/div>\n\t\t\t\t\t\t<\/div>\n\t\t\t\t<\/div>\n\t\t\t\t<div class=\"elementor-element elementor-element-5NfHH8E elementor-widget-tablet__width-inherit elementor-widget elementor-widget-text-editor\" data-id=\"5NfHH8E\" data-element_type=\"widget\" data-widget_type=\"text-editor.default\">\n\t\t\t\t<div class=\"elementor-widget-container\">\n\t\t\t\t\t\t\t\t\t<p><span style=\"letter-spacing: 0px;\">Discover how our services can take your business to the next level. We\u2019re here to offer personalized solutions tailored to your needs.<\/span><\/p>\t\t\t\t\t\t\t\t<\/div>\n\t\t\t\t<\/div>\n\t\t\t\t<\/div>\n\t\t\t\t<\/div>\n\t\t\t\t<\/div>\n\t\t","protected":false},"excerpt":{"rendered":"<p>Kh\u00e1ch h\u00e0ng c\u1ee7a t\u00f4i Kh\u00e1ch h\u00e0ng n\u00f3i g\u00ec v\u1ec1 t\u00f4i Explore Our Services Find Out More About What We Offer Discover how our services can take your business to the next level. We\u2019re here to offer personalized solutions tailored to your needs.<\/p>\n","protected":false},"author":1,"featured_media":0,"parent":0,"menu_order":0,"comment_status":"closed","ping_status":"closed","template":"","meta":{"footnotes":""},"class_list":["post-82","page","type-page","status-publish","hentry"],"_links":{"self":[{"href":"https:\/\/pyzgevbby8lm4ov3ic3e3rktwimfle87epw.web000.io.vn\/index.php\/wp-json\/wp\/v2\/pages\/82","targetHints":{"allow":["GET"]}}],"collection":[{"href":"https:\/\/pyzgevbby8lm4ov3ic3e3rktwimfle87epw.web000.io.vn\/index.php\/wp-json\/wp\/v2\/pages"}],"about":[{"href":"https:\/\/pyzgevbby8lm4ov3ic3e3rktwimfle87epw.web000.io.vn\/index.php\/wp-json\/wp\/v2\/types\/page"}],"author":[{"embeddable":true,"href":"https:\/\/pyzgevbby8lm4ov3ic3e3rktwimfle87epw.web000.io.vn\/index.php\/wp-json\/wp\/v2\/users\/1"}],"replies":[{"embeddable":true,"href":"https:\/\/pyzgevbby8lm4ov3ic3e3rktwimfle87epw.web000.io.vn\/index.php\/wp-json\/wp\/v2\/comments?post=82"}],"version-history":[{"count":8,"href":"https:\/\/pyzgevbby8lm4ov3ic3e3rktwimfle87epw.web000.io.vn\/index.php\/wp-json\/wp\/v2\/pages\/82\/revisions"}],"predecessor-version":[{"id":99,"href":"https:\/\/pyzgevbby8lm4ov3ic3e3rktwimfle87epw.web000.io.vn\/index.php\/wp-json\/wp\/v2\/pages\/82\/revisions\/99"}],"wp:attachment":[{"href":"https:\/\/pyzgevbby8lm4ov3ic3e3rktwimfle87epw.web000.io.vn\/index.php\/wp-json\/wp\/v2\/media?parent=82"}],"curies":[{"name":"wp","href":"https:\/\/api.w.org\/{rel}","templated":true}]}}