{"id":52,"date":"2025-06-08T11:33:27","date_gmt":"2025-06-08T11:33:27","guid":{"rendered":"https:\/\/pyzgevbby8lm4ov3ic3e3rktwimfle87epw.web000.io.vn\/?page_id=52"},"modified":"2025-06-08T11:47:31","modified_gmt":"2025-06-08T11:47:31","slug":"dich-vu","status":"publish","type":"page","link":"https:\/\/pyzgevbby8lm4ov3ic3e3rktwimfle87epw.web000.io.vn\/index.php\/dich-vu\/","title":{"rendered":"D\u1ecbch v\u1ee5"},"content":{"rendered":"\n<div class=\"my-service__inner\">\n    <h2 class=\"heading-default custom is-on\" data-viewport=\"custom\">\n        <font style=\"vertical-align: inherit;\">\n            <strong><font style=\"vertical-align: inherit;\">D\u1ecbch v\u1ee5<\/font><\/strong>\n            <font style=\"vertical-align: inherit;\"> c\u1ee7a t\u00f4i<\/font>\n        <\/font>\n        <span>\n            <font style=\"vertical-align: inherit;\">\n                <font style=\"vertical-align: inherit;\">D\u1ecbch v\u1ee5 c\u1ee7a ch\u00fang t\u00f4i cung c\u1ea5p<\/font>\n            <\/font>\n        <\/span>\n    <\/h2>\n    <div class=\"row\">\n        <div class=\"col-12 col-lg-4\">\n            <div class=\"my-service__left\">\n                <h3 class=\"my-service__left--heading opacity is-on\" data-viewport=\"opacity\">\n                    <font style=\"vertical-align: inherit;\"><font style=\"vertical-align: inherit;\">T\u00f4i c\u00f3 th\u1ec3 gi\u00fap g\u00ec?<\/font><\/font>\n                <\/h3>\n                <div class=\"my-service__left--intro opacity is-on\" data-viewport=\"opacity\">\n                    <font style=\"vertical-align: inherit;\">\n                        <font style=\"vertical-align: inherit;\">\n                            V\u1edbi h\u01a1n 100 d\u1ef1 \u00e1n th\u00e0nh c\u00f4ng \u1edf nhi\u1ec1u quy m\u00f4 v\u00e0 m\u1ee9c \u0111\u1ed9 ph\u1ee9c t\u1ea1p kh\u00e1c nhau, danh m\u1ee5c \u0111\u1ea7u t\u01b0 c\u1ee7a t\u00f4i bao g\u1ed3m c\u00e1c trang web m\u1ed9t trang, trang web c\u00f4ng ty, c\u1ed5ng th\u00f4ng tin ch\u0103m s\u00f3c s\u1ee9c kh\u1ecfe, trang web danh b\u1ea1.\n                        <\/font>\n                    <\/font>\n                <\/div>\n                <div class=\"row\">\n                    <div class=\"col-6\">\n                        <div class=\"my-service__left--statistical opacity is-on\" data-viewport=\"opacity\">\n                            <strong><font style=\"vertical-align: inherit;\"><font style=\"vertical-align: inherit;\">D\u1ef1 \u00e1n \u0111\u00e3 ho\u00e0n th\u00e0nh<\/font><\/font><\/strong>\n                            <span><font style=\"vertical-align: inherit;\"><font style=\"vertical-align: inherit;\">285+<\/font><\/font><\/span>\n                        <\/div>\n                    <\/div>\n                    <div class=\"col-6\">\n                        <div class=\"my-service__left--statistical opacity is-on\" data-viewport=\"opacity\">\n                            <strong><font style=\"vertical-align: inherit;\"><font style=\"vertical-align: inherit;\">D\u1ef1 \u00e1n thi\u1ebft k\u1ebf<\/font><\/font><\/strong>\n                            <span><font style=\"vertical-align: inherit;\"><font style=\"vertical-align: inherit;\">190+<\/font><\/font><\/span>\n                        <\/div>\n                    <\/div>\n                    <div class=\"col-6\">\n                        <div class=\"my-service__left--statistical opacity is-on\" data-viewport=\"opacity\">\n                            <strong><font style=\"vertical-align: inherit;\"><font style=\"vertical-align: inherit;\">D\u1ef1 \u00e1n ph\u00e1t tri\u1ec3n<\/font><\/font><\/strong>\n                            <span><font style=\"vertical-align: inherit;\"><font style=\"vertical-align: inherit;\">120+<\/font><\/font><\/span>\n                        <\/div>\n                    <\/div>\n                    <div class=\"col-6\">\n                        <div class=\"my-service__left--statistical opacity is-on\" data-viewport=\"opacity\">\n                            <strong><font style=\"vertical-align: inherit;\"><font style=\"vertical-align: inherit;\">Kh\u00e1ch h\u00e0ng h\u00e0i l\u00f2ng<\/font><\/font><\/strong>\n                            <span><font style=\"vertical-align: inherit;\"><font style=\"vertical-align: inherit;\">20+<\/font><\/font><\/span>\n                        <\/div>\n                    <\/div>\n                <\/div>\n            <\/div>\n        <\/div>\n        <div class=\"col-12 col-lg-8\">\n            <div class=\"my-service__right\">\n                <div class=\"my-service__list\">\n                    <div class=\"my-service__item opacity is-on\" data-viewport=\"opacity\">\n                        <div class=\"my-service__item--inner\">\n                            <i class=\"fa fa-diamond\"><\/i>\n                            <h3 class=\"my-service__title\">\n                                <font style=\"vertical-align: inherit;\"><font style=\"vertical-align: inherit;\">Thi\u1ebft k\u1ebf th\u01b0\u01a1ng hi\u1ec7u<\/font><\/font>\n                            <\/h3>\n                            <div class=\"my-service__intro\">\n                                <font style=\"vertical-align: inherit;\">\n                                    <font style=\"vertical-align: inherit;\">\n                                        V\u1edbi h\u01a1n 100 d\u1ef1 \u00e1n th\u00e0nh c\u00f4ng \u1edf nhi\u1ec1u quy m\u00f4 v\u00e0 m\u1ee9c \u0111\u1ed9 ph\u1ee9c t\u1ea1p kh\u00e1c nhau, danh m\u1ee5c \u0111\u1ea7u t\u01b0 c\u1ee7a t\u00f4i bao g\u1ed3m c\u00e1c trang web m\u1ed9t trang, trang web c\u00f4ng ty, c\u1ed5ng th\u00f4ng tin ch\u0103m s\u00f3c s\u1ee9c kh\u1ecfe, trang web danh b\u1ea1.\n                                    <\/font>\n                                <\/font>\n                            <\/div>\n                        <\/div>\n                    <\/div>\n                    <div class=\"my-service__item opacity is-on\" data-viewport=\"opacity\">\n                        <div class=\"my-service__item--inner\">\n                            <i class=\"fa fa-bank\"><\/i>\n                            <h3 class=\"my-service__title\">\n                                <font style=\"vertical-align: inherit;\"><font style=\"vertical-align: inherit;\">Vi\u1ebft<\/font><\/font>\n                            <\/h3>\n                            <div class=\"my-service__intro\">\n                                <font style=\"vertical-align: inherit;\">\n                                    <font style=\"vertical-align: inherit;\">\n                                        V\u1edbi h\u01a1n 100 d\u1ef1 \u00e1n th\u00e0nh c\u00f4ng \u1edf nhi\u1ec1u quy m\u00f4 v\u00e0 m\u1ee9c \u0111\u1ed9 ph\u1ee9c t\u1ea1p kh\u00e1c nhau, danh m\u1ee5c \u0111\u1ea7u t\u01b0 c\u1ee7a t\u00f4i bao g\u1ed3m c\u00e1c trang web m\u1ed9t trang, trang web c\u00f4ng ty, c\u1ed5ng th\u00f4ng tin ch\u0103m s\u00f3c s\u1ee9c kh\u1ecfe, trang web danh b\u1ea1.\n                                    <\/font>\n                                <\/font>\n                            <\/div>\n                        <\/div>\n                    <\/div>\n                    <div class=\"my-service__item opacity is-on\" data-viewport=\"opacity\">\n                        <div class=\"my-service__item--inner\">\n                            <i class=\"fa fa-cog\"><\/i>\n                            <h3 class=\"my-service__title\">\n                                <font style=\"vertical-align: inherit;\"><font style=\"vertical-align: inherit;\">Ph\u00e1t tri\u1ec3n<\/font><\/font>\n                            <\/h3>\n                            <div class=\"my-service__intro\">\n                                <font style=\"vertical-align: inherit;\">\n                                    <font style=\"vertical-align: inherit;\">\n                                        V\u1edbi h\u01a1n 100 d\u1ef1 \u00e1n th\u00e0nh c\u00f4ng \u1edf nhi\u1ec1u quy m\u00f4 v\u00e0 m\u1ee9c \u0111\u1ed9 ph\u1ee9c t\u1ea1p kh\u00e1c nhau, danh m\u1ee5c \u0111\u1ea7u t\u01b0 c\u1ee7a t\u00f4i bao g\u1ed3m c\u00e1c trang web m\u1ed9t trang, trang web c\u00f4ng ty, c\u1ed5ng th\u00f4ng tin ch\u0103m s\u00f3c s\u1ee9c kh\u1ecfe, trang web danh b\u1ea1.\n                                    <\/font>\n                                <\/font>\n                            <\/div>\n                        <\/div>\n                    <\/div>\n                    <div class=\"my-service__item opacity is-on\" data-viewport=\"opacity\">\n                        <div class=\"my-service__item--inner\">\n                            <i class=\"fa fa-plane\"><\/i>\n                            <h3 class=\"my-service__title\">\n                                <font style=\"vertical-align: inherit;\"><font style=\"vertical-align: inherit;\">Ti\u1ebfp th\u1ecb tr\u1ef1c tuy\u1ebfn<\/font><\/font>\n                            <\/h3>\n                            <div class=\"my-service__intro\">\n                                <font style=\"vertical-align: inherit;\">\n                                    <font style=\"vertical-align: inherit;\">\n                                        V\u1edbi h\u01a1n 100 d\u1ef1 \u00e1n th\u00e0nh c\u00f4ng \u1edf nhi\u1ec1u quy m\u00f4 v\u00e0 m\u1ee9c \u0111\u1ed9 ph\u1ee9c t\u1ea1p kh\u00e1c nhau, danh m\u1ee5c \u0111\u1ea7u t\u01b0 c\u1ee7a t\u00f4i bao g\u1ed3m c\u00e1c trang web m\u1ed9t trang, trang web c\u00f4ng ty, c\u1ed5ng th\u00f4ng tin ch\u0103m s\u00f3c s\u1ee9c kh\u1ecfe, trang web danh b\u1ea1.\n                                    <\/font>\n                                <\/font>\n                            <\/div>\n                        <\/div>\n                    <\/div>\n                <\/div>\n            <\/div>\n        <\/div>\n    <\/div>\n<\/div>\n<style>\n.my-service__inner {\n    background-color: #f9f5f0;\n    padding: 20px;\n    font-family: Arial, sans-serif;\n}\n\n.heading-default {\n    font-size: 2em;\n    color: #d4a017;\n    font-weight: bold;\n    text-align: center;\n    margin-bottom: 20px;\n    position: relative;\n}\n\n.heading-default span {\n    font-size: 0.8em;\n    color: #555;\n    font-weight: normal;\n    display: block;\n}\n\n.row {\n    display: flex;\n    flex-wrap: wrap;\n    margin: 0 -10px;\n}\n\n.col-12, .col-lg-4, .col-lg-8 {\n    padding: 0 10px;\n}\n\n.my-service__left {\n    background-color: #fff;\n    padding: 20px;\n    border-radius: 10px;\n    box-shadow: 0 2px 5px rgba(0,0,0,0.1);\n}\n\n.my-service__left--heading {\n    font-size: 1.5em;\n    color: #333;\n    margin-bottom: 10px;\n}\n\n.my-service__left--intro {\n    font-size: 0.9em;\n    color: #666;\n    margin-bottom: 20px;\n}\n\n.my-service__left--statistical {\n    text-align: center;\n    margin-bottom: 15px;\n    background-color: #f9f5f0;\n    padding: 10px;\n    border-radius: 5px;\n}\n\n.my-service__left--statistical strong {\n    display: block;\n    font-size: 1.1em;\n    color: #333;\n}\n\n.my-service__left--statistical span {\n    display: block;\n    font-size: 1.5em;\n    color: #d4a017;\n}\n\n.my-service__right {\n    display: flex;\n    flex-wrap: wrap;\n}\n\n.my-service__item {\n    flex: 1 1 45%;\n    margin: 10px;\n    background-color: #fff;\n    padding: 15px;\n    border-radius: 10px;\n    box-shadow: 0 2px 5px rgba(0,0,0,0.1);\n    text-align: center;\n    min-width: 200px;\n}\n\n.my-service__item--inner i {\n    font-size: 2em;\n    color: #d4a017;\n    margin-bottom: 10px;\n}\n\n.my-service__title {\n    font-size: 1.2em;\n    color: #333;\n    margin-bottom: 10px;\n}\n\n.my-service__intro {\n    font-size: 0.9em;\n    color: #666;\n}\n\n@media (min-width: 992px) {\n    .col-lg-4 { width: 33.33%; }\n    .col-lg-8 { width: 66.66%; }\n}\n<\/style>\n\n\n\n<pre class=\"wp-block-code\"><code><\/code><\/pre>\n\n\n\n<p><\/p>\n","protected":false},"excerpt":{"rendered":"<p>D\u1ecbch v\u1ee5 c\u1ee7a t\u00f4i D\u1ecbch v\u1ee5 c\u1ee7a ch\u00fang t\u00f4i cung c\u1ea5p T\u00f4i c\u00f3 th\u1ec3 gi\u00fap g\u00ec? V\u1edbi h\u01a1n 100 d\u1ef1 \u00e1n th\u00e0nh c\u00f4ng \u1edf nhi\u1ec1u quy m\u00f4 v\u00e0 m\u1ee9c \u0111\u1ed9 ph\u1ee9c t\u1ea1p kh\u00e1c nhau, danh m\u1ee5c \u0111\u1ea7u t\u01b0 c\u1ee7a t\u00f4i bao g\u1ed3m c\u00e1c trang web m\u1ed9t trang, trang web c\u00f4ng ty, c\u1ed5ng th\u00f4ng tin ch\u0103m<\/p>\n<div class=\"more-link\">\n\t\t\t\t <a href=\"https:\/\/pyzgevbby8lm4ov3ic3e3rktwimfle87epw.web000.io.vn\/index.php\/dich-vu\/\" class=\"link-btn theme-btn\"><span>Read More <\/span> <i class=\"fa fa-caret-right\"><\/i><\/a>\n\t\t\t<\/div>\n","protected":false},"author":1,"featured_media":0,"parent":0,"menu_order":0,"comment_status":"closed","ping_status":"closed","template":"","meta":{"footnotes":""},"class_list":["post-52","page","type-page","status-publish","hentry"],"_links":{"self":[{"href":"https:\/\/pyzgevbby8lm4ov3ic3e3rktwimfle87epw.web000.io.vn\/index.php\/wp-json\/wp\/v2\/pages\/52","targetHints":{"allow":["GET"]}}],"collection":[{"href":"https:\/\/pyzgevbby8lm4ov3ic3e3rktwimfle87epw.web000.io.vn\/index.php\/wp-json\/wp\/v2\/pages"}],"about":[{"href":"https:\/\/pyzgevbby8lm4ov3ic3e3rktwimfle87epw.web000.io.vn\/index.php\/wp-json\/wp\/v2\/types\/page"}],"author":[{"embeddable":true,"href":"https:\/\/pyzgevbby8lm4ov3ic3e3rktwimfle87epw.web000.io.vn\/index.php\/wp-json\/wp\/v2\/users\/1"}],"replies":[{"embeddable":true,"href":"https:\/\/pyzgevbby8lm4ov3ic3e3rktwimfle87epw.web000.io.vn\/index.php\/wp-json\/wp\/v2\/comments?post=52"}],"version-history":[{"count":3,"href":"https:\/\/pyzgevbby8lm4ov3ic3e3rktwimfle87epw.web000.io.vn\/index.php\/wp-json\/wp\/v2\/pages\/52\/revisions"}],"predecessor-version":[{"id":67,"href":"https:\/\/pyzgevbby8lm4ov3ic3e3rktwimfle87epw.web000.io.vn\/index.php\/wp-json\/wp\/v2\/pages\/52\/revisions\/67"}],"wp:attachment":[{"href":"https:\/\/pyzgevbby8lm4ov3ic3e3rktwimfle87epw.web000.io.vn\/index.php\/wp-json\/wp\/v2\/media?parent=52"}],"curies":[{"name":"wp","href":"https:\/\/api.w.org\/{rel}","templated":true}]}}