{"id":2,"date":"2025-06-08T10:00:21","date_gmt":"2025-06-08T10:00:21","guid":{"rendered":"http:\/\/pyzgevbby8lm4ov3ic3e3rktwimfle87epw.web000.io.vn\/?page_id=2"},"modified":"2025-06-08T14:55:09","modified_gmt":"2025-06-08T14:55:09","slug":"trang-chu","status":"publish","type":"page","link":"https:\/\/pyzgevbby8lm4ov3ic3e3rktwimfle87epw.web000.io.vn\/","title":{"rendered":"Trang ch\u1ee7"},"content":{"rendered":"\t\t<div data-elementor-type=\"wp-page\" data-elementor-id=\"2\" class=\"elementor elementor-2\">\n\t\t\t\t<div class=\"elementor-element elementor-element-35467700 e-flex e-con-boxed e-con e-parent\" data-id=\"35467700\" data-element_type=\"container\">\n\t\t\t\t\t<div class=\"e-con-inner\">\n\t\t\t\t<div class=\"elementor-element elementor-element-3b3e3855 elementor-widget elementor-widget-text-editor\" data-id=\"3b3e3855\" data-element_type=\"widget\" data-widget_type=\"text-editor.default\">\n\t\t\t\t<div class=\"elementor-widget-container\">\n\t\t\t\t\t\t\t\t\t\n<p class=\"has-black-color has-text-color has-link-color has-x-large-font-size wp-elements-3f21018e922596059eabb50dae12c847\"><strong>Xin ch\u00e0o, t\u00f4i l\u00e0 Joe Morgan.<\/strong><\/p>\n\n<p class=\"has-text-color has-link-color wp-elements-1514e189eb28b244dbade11d660f5005\" style=\"color: #707c85;\">Nh\u00e0 thi\u1ebft k\u1ebf UX cao c\u1ea5p v\u1edbi h\u01a1n 9 n\u0103m kinh nghi\u1ec7m v\u00e0 chuy\u00ean m\u00f4n trong thi\u1ebft k\u1ebf \u1ee9ng d\u1ee5ng web ph\u1ee9c t\u1ea1p.<\/p>\n\n<p class=\"has-text-color has-link-color wp-elements-da4a010d6b28338c32765482df18d064\" style=\"color: #707c85;\">\u0110\u1ea1t \u0111\u01b0\u1ee3c t\u0103ng 15% s\u1ef1 h\u00e0i l\u00f2ng c\u1ee7a ng\u01b0\u1eddi d\u00f9ng v\u00e0 t\u0103ng 20% t\u1ef7 l\u1ec7 chuy\u1ec3n \u0111\u1ed5i th\u00f4ng qua vi\u1ec7c t\u1ea1o ra thi\u1ebft k\u1ebf \u0111\u01b0\u1ee3c th\u1eed nghi\u1ec7m t\u01b0\u01a1ng t\u00e1c, d\u1ef1a tr\u00ean d\u1eef li\u1ec7u v\u00e0 l\u1ea5y ng\u01b0\u1eddi d\u00f9ng l\u00e0m trung t\u00e2m.<\/p>\n\n<figure class=\"wp-block-image size-full\"><img decoding=\"async\" class=\"wp-image-141 alignnone\" src=\"https:\/\/theme.84.id.vn\/wp-content\/uploads\/2024\/06\/image.png\" alt=\"\" \/><\/figure>\n\n<p>V\u1edbi c\u00e1ch ti\u1ebfp c\u1eadn <strong>l\u1ea5y ng\u01b0\u1eddi d\u00f9ng l\u00e0m trung t\u00e2m<\/strong>, t\u00f4i \u0111\u00e3 gi\u00fap nhi\u1ec1u doanh nghi\u1ec7p c\u1ea3i thi\u1ec7n hi\u1ec7u su\u1ea5t s\u1ea3n ph\u1ea9m, <strong>t\u0103ng 15% m\u1ee9c \u0111\u1ed9 h\u00e0i l\u00f2ng c\u1ee7a ng\u01b0\u1eddi d\u00f9ng<\/strong> v\u00e0 <strong>n\u00e2ng t\u1ef7 l\u1ec7 chuy\u1ec3n \u0111\u1ed5i l\u00ean 20%<\/strong> th\u00f4ng qua thi\u1ebft k\u1ebf giao di\u1ec7n v\u00e0 t\u01b0\u01a1ng t\u00e1c \u0111\u01b0\u1ee3c th\u1eed nghi\u1ec7m k\u1ef9 l\u01b0\u1ee1ng.<\/p>\n\n<blockquote class=\"wp-block-quote is-layout-flow wp-block-quote-is-layout-flow\">\n<p>T\u00f4i c\u00f3 ni\u1ec1m \u0111am m\u00ea \u0111\u1eb7c bi\u1ec7t v\u1edbi vi\u1ec7c <strong>gi\u1ea3i quy\u1ebft c\u00e1c b\u00e0i to\u00e1n tr\u1ea3i nghi\u1ec7m ng\u01b0\u1eddi d\u00f9ng ph\u1ee9c t\u1ea1p<\/strong>, l\u00e0m vi\u1ec7c ch\u1eb7t ch\u1ebd v\u1edbi nh\u00f3m ph\u00e1t tri\u1ec3n, s\u1ea3n ph\u1ea9m v\u00e0 c\u00e1c b\u00ean li\u00ean quan \u0111\u1ec3 \u0111\u1ea3m b\u1ea3o thi\u1ebft k\u1ebf kh\u00f4ng ch\u1ec9 \u0111\u1eb9p m\u00e0 c\u00f2n <strong>gi\u1ea3i quy\u1ebft \u0111\u00fang v\u1ea5n \u0111\u1ec1<\/strong> v\u00e0 th\u00fac \u0111\u1ea9y t\u0103ng tr\u01b0\u1edfng kinh doanh.<\/p>\n<\/blockquote>\n\n<h2 class=\"wp-block-heading\">S\u1edf th\u00edch<\/h2>\n<div class=\"wp-block-image\">\n<figure class=\"alignright\"><img decoding=\"async\" src=\"https:\/\/crthemes.com\/html\/melissa\/assets\/images\/6.jpg\" alt=\"\" \/>\n<figcaption class=\"wp-element-caption\">Align right<\/figcaption>\n<\/figure>\n<\/div>\n<p>\u00a0<\/p>\n\n<blockquote class=\"wp-block-quote is-layout-flow wp-block-quote-is-layout-flow\">\n<p>Ngo\u00e0i c\u00f4ng vi\u1ec7c, t\u00f4i y\u00eau th\u00edch <strong>v\u1ebd minh h\u1ecda, nhi\u1ebfp \u1ea3nh \u0111\u01b0\u1eddng ph\u1ed1<\/strong>, v\u00e0 <strong>kh\u00e1m ph\u00e1 tr\u1ea3i nghi\u1ec7m ng\u01b0\u1eddi d\u00f9ng trong c\u00e1c n\u1ec1n v\u0103n h\u00f3a kh\u00e1c nhau<\/strong>. T\u00f4i c\u0169ng th\u01b0\u1eddng xuy\u00ean vi\u1ebft blog chia s\u1ebb v\u1ec1 c\u00e1c xu h\u01b0\u1edbng thi\u1ebft k\u1ebf m\u1edbi, v\u00e0 d\u00e0nh th\u1eddi gian r\u1ea3nh \u0111\u1ec3 <strong>thi\u1ebft k\u1ebf UI concept tr\u00ean Figma<\/strong> ho\u1eb7c <strong>th\u1eed nghi\u1ec7m c\u00e1c c\u00f4ng c\u1ee5 AI h\u1ed7 tr\u1ee3 UX<\/strong>.<\/p>\n<\/blockquote>\n\n<p><script src=\"chrome-extension:\/\/bincmiainjofjnhchmcalkanjebghoen\/aiscripts\/script-main.js\"><\/script><\/p>\n<p><script src=\"chrome-extension:\/\/bincmiainjofjnhchmcalkanjebghoen\/aiscripts\/script-main.js\"><\/script><\/p>\n<p><script src=\"chrome-extension:\/\/bincmiainjofjnhchmcalkanjebghoen\/aiscripts\/script-main.js\"><\/script><\/p>\t\t\t\t\t\t\t\t<\/div>\n\t\t\t\t<\/div>\n\t\t\t\t\t<\/div>\n\t\t\t\t<\/div>\n\t\t\t\t<\/div>\n\t\t","protected":false},"excerpt":{"rendered":"<p>Xin ch\u00e0o, t\u00f4i l\u00e0 Joe Morgan. Nh\u00e0 thi\u1ebft k\u1ebf UX cao c\u1ea5p v\u1edbi h\u01a1n 9 n\u0103m kinh nghi\u1ec7m v\u00e0 chuy\u00ean m\u00f4n trong thi\u1ebft k\u1ebf \u1ee9ng d\u1ee5ng web ph\u1ee9c t\u1ea1p. \u0110\u1ea1t \u0111\u01b0\u1ee3c t\u0103ng 15% s\u1ef1 h\u00e0i l\u00f2ng c\u1ee7a ng\u01b0\u1eddi d\u00f9ng v\u00e0 t\u0103ng 20% t\u1ef7 l\u1ec7 chuy\u1ec3n \u0111\u1ed5i th\u00f4ng qua vi\u1ec7c t\u1ea1o ra thi\u1ebft k\u1ebf \u0111\u01b0\u1ee3c th\u1eed<\/p>\n<div class=\"more-link\">\n\t\t\t\t <a href=\"https:\/\/pyzgevbby8lm4ov3ic3e3rktwimfle87epw.web000.io.vn\/\" class=\"link-btn theme-btn\"><span>Read More <\/span> <i class=\"fa fa-caret-right\"><\/i><\/a>\n\t\t\t<\/div>\n","protected":false},"author":1,"featured_media":0,"parent":0,"menu_order":0,"comment_status":"closed","ping_status":"closed","template":"","meta":{"footnotes":""},"class_list":["post-2","page","type-page","status-publish","hentry"],"_links":{"self":[{"href":"https:\/\/pyzgevbby8lm4ov3ic3e3rktwimfle87epw.web000.io.vn\/index.php\/wp-json\/wp\/v2\/pages\/2","targetHints":{"allow":["GET"]}}],"collection":[{"href":"https:\/\/pyzgevbby8lm4ov3ic3e3rktwimfle87epw.web000.io.vn\/index.php\/wp-json\/wp\/v2\/pages"}],"about":[{"href":"https:\/\/pyzgevbby8lm4ov3ic3e3rktwimfle87epw.web000.io.vn\/index.php\/wp-json\/wp\/v2\/types\/page"}],"author":[{"embeddable":true,"href":"https:\/\/pyzgevbby8lm4ov3ic3e3rktwimfle87epw.web000.io.vn\/index.php\/wp-json\/wp\/v2\/users\/1"}],"replies":[{"embeddable":true,"href":"https:\/\/pyzgevbby8lm4ov3ic3e3rktwimfle87epw.web000.io.vn\/index.php\/wp-json\/wp\/v2\/comments?post=2"}],"version-history":[{"count":13,"href":"https:\/\/pyzgevbby8lm4ov3ic3e3rktwimfle87epw.web000.io.vn\/index.php\/wp-json\/wp\/v2\/pages\/2\/revisions"}],"predecessor-version":[{"id":112,"href":"https:\/\/pyzgevbby8lm4ov3ic3e3rktwimfle87epw.web000.io.vn\/index.php\/wp-json\/wp\/v2\/pages\/2\/revisions\/112"}],"wp:attachment":[{"href":"https:\/\/pyzgevbby8lm4ov3ic3e3rktwimfle87epw.web000.io.vn\/index.php\/wp-json\/wp\/v2\/media?parent=2"}],"curies":[{"name":"wp","href":"https:\/\/api.w.org\/{rel}","templated":true}]}}